{"id":4859,"date":"2020-04-29T03:41:30","date_gmt":"2020-04-29T02:41:30","guid":{"rendered":"https:\/\/showroom.lesgambettes.fr\/?post_type=product&#038;p=4859"},"modified":"2021-01-25T01:20:26","modified_gmt":"2021-01-25T00:20:26","slug":"tv-samsung-75","status":"publish","type":"product","link":"https:\/\/showroom.lesgambettes.fr\/?product=tv-samsung-75","title":{"rendered":"TV Samsung QE75Q950R QLED 8K Smart TV 75&Prime; 2019"},"content":{"rendered":"","protected":false},"excerpt":{"rendered":"<p>D\u00e9couvrez le nouveau t\u00e9l\u00e9viseur Samsung QLED 8K 75Q950R gr\u00e2ce \u00e0 FNAC, pour une exp\u00e9rience unique et immersive. Et b\u00e9n\u00e9ficiez de la richesse de l\u2019\u00e9cosyst\u00e8me Smart TV ainsi que d\u2019un design sublimant votre int\u00e9rieur.<\/p>\n","protected":false},"featured_media":5249,"template":"","meta":[],"class_list":{"0":"post-4859","1":"product","2":"type-product","3":"status-publish","4":"has-post-thumbnail","6":"product_cat-non-classe","8":"first","9":"instock","10":"shipping-taxable","11":"purchasable","12":"product-type-simple"},"_links":{"self":[{"href":"https:\/\/showroom.lesgambettes.fr\/index.php?rest_route=\/wp\/v2\/product\/4859","targetHints":{"allow":["GET"]}}],"collection":[{"href":"https:\/\/showroom.lesgambettes.fr\/index.php?rest_route=\/wp\/v2\/product"}],"about":[{"href":"https:\/\/showroom.lesgambettes.fr\/index.php?rest_route=\/wp\/v2\/types\/product"}],"version-history":[{"count":3,"href":"https:\/\/showroom.lesgambettes.fr\/index.php?rest_route=\/wp\/v2\/product\/4859\/revisions"}],"predecessor-version":[{"id":4998,"href":"https:\/\/showroom.lesgambettes.fr\/index.php?rest_route=\/wp\/v2\/product\/4859\/revisions\/4998"}],"wp:featuredmedia":[{"embeddable":true,"href":"https:\/\/showroom.lesgambettes.fr\/index.php?rest_route=\/wp\/v2\/media\/5249"}],"wp:attachment":[{"href":"https:\/\/showroom.lesgambettes.fr\/index.php?rest_route=%2Fwp%2Fv2%2Fmedia&parent=4859"}],"curies":[{"name":"wp","href":"https:\/\/api.w.org\/{rel}","templated":true}]}}